). Determine z(4).
10
Suppose 0 = c + c + 2*i, 2*c + 5*i - 12 = 0. Let p(k) = k**3 + 5*k**2 + 5*k + 2. Give p(c).
-2
Let p(w) = w**3 + 4 + 50*w - 18*w + 5*w**2 - 26*w + 1. What is p(-4)?
-3
Let c(d) = 2*d + 10. Let l be c(-4). Let s(a) be the first derivative of 0*a**l - 1/3*a**3 + 2*a + 4 - 1/4*a**4. Calculate s(0).
2
Let d(m) be the third derivative of -m**5/30 + 5*m**4/12 - m**3 - 83*m**2. Calculate d(6).
-18
Let y(m) = -2*m - 12. Suppose j + 8*j + 36 = 0. Determine y(j).
-4
Let s = 2 + -2. Let z = s - -5. Suppose -2*r + 4 = -z*a - 4, a + 5*r - 20 = 0. Let f(t) = -t**2. Calculate f(a).
0
Let z(c) = c**2 - 9*c - 78. Let l be z(15). Let p(u) = u**2 - 13*u + 15. Give p(l).
3
Let y(q) = -q**2 + 5*q - 1. Suppose 2*g - g + 2*m = 7, 2*m - 27 = -5*g. Suppose -2*c - v + 15 = 0, 3*v = g*c - 2*v - 30. Give y(c).
-15
Let b(c) = -7*c + c**2 - 2*c - c - 7. Give b(10).
-7
Let l(u) = -9*u**3 - 15*u**2 - 8*u - 13. Let r(m) = -5*m**3 - 8*m**2 - 4*m - 7. Let s(w) = -4*l(w) + 7*r(w). Let v be (-4 + (-60)/(-18))*18/4. Determine s(v).
0
Let y(n) = -4*n. Let s be 14/2 + 2 + (-48)/8. Calculate y(s).
-12
Let l(u) = -u + 14. Let m be 4*(0 - (6 + -11)). Calculate l(m).
-6
Let h(q) = 3*q - 6. Suppose -t - 18 = -4*t. Give h(t).
12
Let s(m) = 0*m + 4*m - 2*m**2 + 1 + 6*m**2 - m**3. Suppose 4*o + 1 = 3*o. Let w = 4 - o. Determine s(w).
-4
Let d(u) = -18*u + 2. Let i(n) = -n + 2. Let z(j) = d(j) - 2*i(j). Give z(3).
-50
Let v(y) = -3*y**3 + 3*y**2 + 5*y + 5. Let f be v(-2). Suppose 0 = w + z + 1 - 2, -f = -4*w + 5*z. Let a(o) = o**2 - 7*o + 1. Calculate a(w).
-11
Let p(t) = -2*t - 3. Let h be 5/7 + 6/21. Let f be -2 + h/(-1) + -1. Calculate p(f).
5
Let v(d) = -d + 1. Let u(w) = -w**2 + 11*w - 1. Let t(y) = u(y) + 4*v(y). Determine t(7).
3
Suppose 6 = -4*a - 3*u - 33, -u - 46 = 5*a. Let h = a + 14. Let m(z) = -5*z + 6*z**2 - 7*z**3 + 2*z**3 + 4*z**3 - 2 + 0*z**2. Calculate m(h).
-2
Let g(p) = 5*p - 17*p + 4*p - 2 + 7*p + 4*p. Suppose 0 = -0*w + 3*w + 9. Determine g(w).
-11
Suppose -10*l + 6*l - 4 = 0. Let q(m) = -m**2 - 12*m + 8. Let c(y) = y. Let t(f) = l*q(f) - 5*c(f). What is t(-7)?
-8
Suppose 12 = 4*t, 2*r + 3*t - 44 = 7*r. Let x(p) = -p**3 - 9*p**2 - 9*p + 5. Determine x(r).
-30
Let h(b) = -b**2 - 18*b - 57. Let u be h(-14). Let n(r) = 7*r**3 + r**2 + r + 1. What is n(u)?
-6
Let m(h) = -h**3 + h**2 - 2*h. Let j(i) = 4*i**3 + 4*i**2 - 6*i + 1. Let r(t) = -j(t) + 2*m(t). Let p be 1*1*(1 + 0). Give r(p).
-7
Suppose 0 = -4*n - 2*s - 1 + 7, s = -3*n + 6. Let r(i) = -4*i**3 - i + 6*i**2 - 3 - 8*i**2 + 5 + 5*i**n. What is r(2)?
0
Let l(s) = 3*s - s**2 + 4 - 4*s + 4*s. Let q = -31 - -41. Let a(d) = 2*d**2 - 5*d - 7. Let b(i) = q*l(i) + 6*a(i). Give b(2).
6
Let k(o) = -o. Let s(c) be the first derivative of -c**2 + c - 114. Let l(u) = -u - 3. Let i be l(0). Let z(a) = i*k(a) + 2*s(a). Give z(2).
0
Suppose 15 = i + 4*f, -1 = 2*f - 9. Let p(x) = 6*x - 1. Give p(i).
-7
Suppose 0 = -3*b - 2*b + 25. Suppose b*u + 22 = 32. Let f(g) = 2*g**2 - 1. Give f(u).
7
Let r(x) = -60*x + 368. Let f be r(6). Let t(w) = -6*w + 5. Give t(f).
-43
Let q(p) = -p + 16. Let m be q(11). Suppose 0 = 4*b - 13 + m. Let n(j) = 5*j**b + 0*j - 4*j**2 - 5*j - 1. What is n(3)?
-7
Suppose -14 = 12*i - 2. Let c(y) be the second derivative of -y**6/360 + y**4/24 + 2*y**3/3 - 3*y. Let s(d) be the second derivative of c(d). What is s(i)?
0
Let k be ((-64)/(-6))/(-1 + 30/36). Let y be (k/(-40))/((-4)/10). Let p(b) = b - 4. Determine p(y).
-8
Let f(z) = -2*z + 5. Suppose 16*w = 11*w + 35. What is f(w)?
-9
Let y = 15 + -14. Let k(h) be the first derivative of h**5/60 - h**4/24 - h**3/3 - 3. Let c(d) be the third derivative of k(d). Calculate c(y).
1
Let k(s) = -1311*s + 2. Let a be k(0). Let x(u) be the second derivative of 0 + 1/3*u**4 - u - 1/3*u**3 + 1/2*u**2. Calculate x(a).
13
Let v(t) = -t - 8. Let i(b) = -b**3 - 8*b**2 + 13*b + 31. Let r be i(-9). Calculate v(r).
-3
Let o(z) = -z**2 - z. Let k = -86 + 88. Let i be 2*k/(-4) + (-10 - -13). Give o(i).
-6
Let g(x) = 2*x - 13. Let s be 33/(-9) + (-2)/6. Let i(j) = j - 6. Let f(c) = s*g(c) + 9*i(c). Let v = -4697 + 4694. What is f(v)?
-5
Let t(g) = -22 - 3*g + 10*g - 6 - 9*g. Determine t(-15).
2
Let l(z) = z**3 + z**2. Let v(h) = -2*h + 11. Suppose 1 = 3*u - 2*d - 11, -u - 5*d + 21 = 0. Let c be v(u). Give l(c).
0
Let s be (-1)/(-1) - (8 + 3 + -9). Let v(m) = 2 + 2*m + 6*m**2 + 2 - 3. Determine v(s).
5
Let a = 5 + -3. Let y(u) = -2 - 5 - a - 3*u. Suppose 3*f - 12 = 2*g, 0 = 2*g - 22*f + 17*f + 12. Calculate y(g).
9
Let l(i) be the third derivative of -i**5/60 + i**4/24 + 5*i**3/3 - 111*i**2. What is l(0)?
10
Let r = 1 - 0. Let y be (r/2*6)/1. Let v(u) = 2 - 3 - 2 + y*u - 4*u. Calculate v(-3).
0
Let u(n) = -2*n**3 + 37*n**2 - 49*n - 32. Let m be u(17). Let i(r) = -r - 1. Let z(s) = -4*s - 1. Let v(c) = 2*i(c) - z(c). Give v(m).
3
Suppose 3*p - 8 = -5. Suppose p = -c + 5. Let x(y) = y**2 + 9 + 3*y**2 - 4 + y**3 - 2*y**3. Determine x(c).
5
Suppose 87 = 61*u - 32*u. Let x(q) = q**3 + 2*q**2 - q - 4. Give x(u).
38
Let i(j) = 16*j**3 + j**2 + 14*j - 11. Let m(s) = 10*s**3 + 8*s - 5. Let d(p) = 3*i(p) - 5*m(p). Calculate d(2).
-8
Let s = 98 - 96. Let b be (5/(-5))/1 + s. Let n(t) = 13*t**2 + t. What is n(b)?
14
Let d be (0/3)/(-1 + 0). Let l(r) = d*r + 8*r**3 - r**2 + 0*r - 12*r**3. Give l(-1).
3
Let n(f) = 10*f**2 + f - 1. Suppose -55*q + 1 = -56*q. Give n(q).
8
Let n be (1 + 11)/2 + (-18)/9. Let q(b) be the first derivative of 3/2*b**2 - 1/3*b**3 + 14 + n*b. Determine q(4).
0
Let s(y) = -3 - 4 + 7 - 8*y**2 - 8*y + 7*y**2. Give s(-8).
0
Let m(z) = z - 16. Suppose i - 4*i = -3*t - 39, -4*i = 5*t - 7. What is m(i)?
-8
Let p(s) = 41*s**2 + s. Let g be (-9 - 640/(-70))/((-1)/(-7)). Determine p(g).
42
Let y(i) = 11*i + 9. Let n(h) = -22*h - 17. Let p(s) = -6*n(s) - 11*y(s). Let k(z) = -5*z - 1. Let w = -19 + 26. Let r(b) = w*k(b) + 3*p(b). Determine r(-4).
10
Let x(s) = 3*s - s**2 + 2*s**2 + 0*s**2 + s**3 + 4 - 6*s**2. Let g be x(4). Let c(l) = -l**2 - 6. Give c(g).
-6
Let d(x) be the second derivative of -9/2*x**2 + 8*x + 0 - 1/3*x**3. Suppose 0 = 2*b + 5*q - 1, 3*b = -0*b - 5*q - 6. Calculate d(b).
5
Let u(h) = 2*h**2 - 2*h - 2. Let z be -2 + (3/(-1) - -2). Give u(z).
22
Suppose -2*i + 4*p = 10, -6*i - 5*p = -3*i - 18. Let a(z) be the first derivative of 0*z + 3/2*z**4 + 5 - 2/3*z**3 + 1/2*z**2. Calculate a(i).
5
Let b(k) = k + 5. Suppose 0 = -5*u - 1 - 4. Let q be 0 - ((4 - 3) + u). Calculate b(q).
5
Let t(i) be the second derivative of i**3/2 + 3*i**2 - 34*i + 2. Calculate t(5).
21
Let r be 2/(-5 - -3) - -1. Let p = -5 - -11. Let x(a) = -a - p + 1 + r - 7. Give x(-6).
-6
Let l(i) = 3*i + 3. Let d(m) = m**2 - 4*m + 6. Let a = 3 - -1. Let s be d(a). Let u be (-15)/s - (-1)/(-2). Give l(u).
-6
Let f(y) = -2*y**3 + 0*y**3 + 4*y**3 + 3*y**3 + 1. Calculate f(1).
6
Let t(q) = 7*q - 4. Let c(s) = -13*s + 8. Suppose -23 - 25 = 8*h. Let m(b) = h*c(b) - 11*t(b). Give m(3).
-1
Let a(y) be the first derivative of y**3/3 - 9*y**2/2 + 12*y + 68. Give a(8).
4
Let y be (18/(-15))/(15/(-50)). Let l(q) = -3*q + q - q + 5. Determine l(y).
-7
Let l = -356 - -365. Let u(k) = -k**2 + 10*k - 6. What is u(l)?
3
Let l be (-1 + 4)/(3/3). Suppose 5*f - l*f = 0. Let i(c) = -1 - 4*c**3 + 0*c**2 - c**2 + 5*c**3. Calculate i(f).
-1
Let f(r) = r**3 - 6*r**2 - 7*r + 7. Let b = -148 + 155. Give f(b).
7
Suppose 46 = 4*b + 5*q, 5*q = -b + 4*b - 17. Let i be (-16)/(-6) + (-6)/b. Let c(r) = r - 1. Give c(i).
1
Let z(s) = -s - 14. Let r(p) = -2. Let a(w) = -r(w) + z(w). What is a(-9)?
-3
Suppose -10*n = -8*n - 56. Let b be 4*1*7/n*-1. Let m(f) = 14*f**3 + f**2. What is m(b)?
-13
Suppose -32 = 3*x - 4*z, 6*x - 2*z - 2 = 9*x. Let l(y) = -4*y - 12. Give l(x).
4
Suppose 0*q = -c + 3*q + 11, 4*c = 3*q + 17. Let z(m) = -6*m**c + m + m**3 - 2*m + 1 + 4*m + 2*m**2. Determine z(3).
1
Let r(b) be the second derivative of 3*b**5/20 - b**4/12 - b**3/2 - b**2 + 27*b. Let m(v) = 4*v**3 - 3*v - 2. Let g(f) = -4*m(f) + 5*r(f). What is g(-3)?
-11
Let t(o) be the first derivative of -4*o**2 - 6*o + 334. What is t(-3)?
18
Let b(q) = -q - 20. Let g = 1586 + -1596. What is b(g)?
-10
Let b(k) = -k**2 + k + 11. Suppose -n = -2*r + 2, 3*r - 16*n = -11*n + 10. Determine b(r).
11
Let a(u) = 4*u + 2. Suppose -21*l - 23 = 19. Give a(l)